isor of 716 and 130469878.
358
Calculate the greatest common factor of 12303395 and 5655.
1885
Calculate the highest common factor of 7332 and 3999840.
156
What is the greatest common factor of 140 and 28676725?
35
What is the highest common divisor of 142120 and 8934332?
836
Calculate the highest common factor of 201793 and 4228997.
541
Calculate the greatest common factor of 5791911 and 90093.
1527
What is the highest common factor of 9062820 and 3942?
54
What is the highest common divisor of 13561920 and 58170?
8310
Calculate the greatest common factor of 14100866 and 280806.
5506
What is the greatest common factor of 5875 and 35214656?
47
Calculate the highest common divisor of 842 and 154161359.
421
Calculate the greatest common factor of 14839680 and 658440.
7080
Calculate the highest common factor of 39280 and 9979575.
2455
Calculate the highest common divisor of 6297 and 46064654.
2099
Calculate the greatest common factor of 351 and 17687046.
39
Calculate the highest common factor of 1417073 and 581.
7
Calculate the highest common divisor of 2968 and 3947811.
371
What is the greatest common factor of 6528717699 and 6573?
6573
What is the greatest common factor of 56 and 5137636?
28
Calculate the highest common divisor of 493955 and 12223141.
8981
Calculate the highest common factor of 34225 and 14286884.
1369
What is the greatest common factor of 26 and 7073677?
13
Calculate the highest common factor of 67860 and 148460.
260
Calculate the greatest common factor of 347204 and 3825921.
6677
What is the greatest common factor of 123505 and 6120?
85
What is the highest common divisor of 466623 and 21267?
1251
What is the highest common factor of 256020 and 2023?
17
What is the greatest common factor of 152670688 and 736?
736
What is the greatest common factor of 9945615 and 60?
15
What is the greatest common factor of 845 and 102491870?
65
What is the highest common factor of 4 and 48437644?
4
Calculate the greatest common factor of 807114 and 45276.
462
Calculate the greatest common divisor of 2836 and 14613199.
709
What is the highest common divisor of 301 and 45829?
7
What is the greatest common divisor of 4722741 and 81?
9
What is the highest common divisor of 496 and 66040?
8
What is the highest common divisor of 30204501 and 19194?
1371
What is the highest common divisor of 147 and 74310803?
49
Calculate the greatest common factor of 17 and 369337.
1
Calculate the greatest common factor of 10539 and 58680.
9
Calculate the greatest common factor of 1013006 and 750592.
1466
Calculate the greatest common factor of 940 and 114737152.
188
Calculate the highest common divisor of 6296 and 1720766056.
6296
Calculate the greatest common divisor of 20 and 871400035.
5
Calculate the highest common divisor of 33 and 7132164.
3
Calculate the highest common divisor of 13392 and 58394328.
744
Calculate the greatest common divisor of 6771 and 20063361.
111
Calculate the greatest common factor of 190 and 51627330.
10
Calculate the greatest common divisor of 102420 and 64203684.
6828
What is the greatest common divisor of 2499736 and 21047?
1619
Calculate the highest common factor of 6732631 and 1413.
157
What is the greatest common divisor of 321 and 378020621?
107
Calculate the highest common factor of 3797570 and 1.
1
Calculate the greatest common divisor of 1230 and 269411.
41
What is the highest common factor of 48165 and 43689360?
3705
What is the highest common factor of 1232 and 13331920?
112
Calculate the highest common divisor of 16613862 and 595.
17
Calculate the highest common factor of 1300 and 145985450.
650
Calculate the greatest common factor of 92276265 and 11235.
1605
What is the highest common factor of 33902624 and 24157?
3451
Calculate the greatest common divisor of 17250024 and 440.
88
What is the highest common factor of 34330 and 9950?
10
What is the highest common factor of 4498107 and 60?
3
What is the highest common divisor of 3604 and 896307592?
3604
Calculate the greatest common factor of 20837696 and 759.
11
Calculate the greatest common factor of 277605 and 4165470.
1395
What is the highest common divisor of 25550253 and 9?
9
Calculate the highest common factor of 438 and 63714254.
146
Calculate the highest common factor of 238 and 12559918.
14
What is the greatest common divisor of 27 and 144423?
27
Calculate the greatest common divisor of 6727029 and 13.
1
Calculate the highest common factor of 451976 and 49931.
49
What is the greatest common factor of 557764 and 9500?
76
Calculate the highest common divisor of 1290800 and 30900.
100
Calculate the greatest common divisor of 80576872 and 8.
8
What is the greatest common factor of 14198464 and 14924?
1148
What is the highest common divisor of 9678156 and 78?
6
What is the highest common divisor of 1894136 and 1357?
59
Calculate the greatest common divisor of 3333 and 2817111.
33
What is the greatest common divisor of 99346157 and 123?
41
What is the highest common divisor of 53760 and 5027680?
1120
Calculate the highest common divisor of 296415 and 2379825.
315
Calculate the greatest common divisor of 23266284 and 1592.
796
What is the highest common divisor of 339743 and 81743?
43
What is the greatest common factor of 44944 and 34784?
16
Calculate the greatest common factor of 3417057 and 50589.
4599
What is the greatest common divisor of 693 and 2523654?
63
Calculate the greatest common divisor of 41748824 and 562848.
4264
Calculate the highest common factor of 14833730 and 34010.
1790
Calculate the highest common divisor of 1760 and 6887840.
160
What is the greatest common factor of 11187 and 9860719?
1243
What is the greatest common divisor of 114 and 6775419?
57
What is the highest common divisor of 366 and 62850?
6
What is the highest common factor of 57717 and 626778?
477
Calculate the highest common factor of 2466743 and 12629.
73
Calculate the highest common divisor of 3421782 and 359308.
4178
What is the greatest common factor of 17622311 and 14?
7
Calculate the highest common divisor of 125 and 112833875.
125
What is the greatest common divisor of 646 and 5645071?
323
Calculate the greatest common factor of 122 and 75520562.
122
What is the highest common factor of 176 and 7249904?
16
What is the highest common factor of 123293987 and 1?
1
What is the highest common factor of 31303640 and 760?
760
What is the greatest common divisor of 124776 and 344?
8
What is the greatest common divisor of 2307634112 and 448?
448
What is the highest common divisor of 29412 and 2145252?
228
What is the greatest common factor of 292520 and 572680?
4120
Calculate the highest common divisor of 35890078 and 140.
14
What is the greatest common divisor of 94 and 3134336?
94
What is the highest common factor of 16 and 243108464?
16
Calculate the greatest common factor of 6257130 and 90450.
2010
What is the greatest common divisor of 46749 and 9351?
3
What is the highest common factor of 100032 and 309312?
192
What is the greatest common divisor of 464 and 4509616?
464
Calculate the highest common divisor of 262044175 and 185.
185
What is the greatest common factor of 20137362 and 126?
42
Calculate the highest common divisor of 484 and 32098.
22
Calculate the greatest common factor of 119424 and 3160704.
384
Calculate the greatest common factor of 7105 and 994410.
145
Calculate the highest common factor of 1547152 and 47.
1
What is the highest common divisor of 3236608 and 16128?
256
What is the highest common divisor of 52995545 and 85?
85
Calculate the greatest common divisor of 1001 and 1326052.
91
What is the highest common factor of 7802236 and 30316?
2756
What is the highest common factor of 2765 and 808894667?
553
Calculate the highest common factor of 4444 and 14039707.
1111
What is the greatest common divisor of 3414244 and 8755?
103
What is the greatest common factor of 99293 and 3267060?
3203
What is the highest common divisor of 10 and 54763615?
5
Calculate the highest common divisor of 2412758 and 8384.
262
What is the highest common divisor of 20 and 1655575?
5
Calculate the highest common divisor of 84 and 115136742.
42
What is the greatest common factor of 125734 and 1775672?
2566
Calculate the highest common divisor of 758103178 and 11290.
2258
Calculate the gre